{"id":46,"date":"2013-09-08T22:04:40","date_gmt":"2013-09-09T02:04:40","guid":{"rendered":"http:\/\/jarox.cl\/site\/?page_id=46"},"modified":"2018-09-26T12:45:17","modified_gmt":"2018-09-26T16:45:17","slug":"juntas-de-expansion","status":"publish","type":"page","link":"http:\/\/www.jarox.cl\/site\/?page_id=46","title":{"rendered":"Juntas de Expansi\u00f3n"},"content":{"rendered":"<p>[et_pb_section bb_built=\u00bb1&#8243; specialty=\u00bboff\u00bb _builder_version=\u00bb3.14&#8243; background_image=\u00bbhttp:\/\/www.jarox.cl\/site\/wp-content\/uploads\/2018\/09\/fondo-titulo2-1.jpg\u00bb custom_css_main_element=\u00bbheight: 200px;\u00bb next_background_color=\u00bb#ffffff\u00bb][et_pb_row][et_pb_column type=\u00bb4_4&#8243;][et_pb_text admin_label=\u00bbTexto Cabecera Titulo\u00bb _builder_version=\u00bb3.14&#8243; header_font=\u00bb|700|||||||\u00bb header_text_align=\u00bbleft\u00bb header_text_color=\u00bbrgba(255,255,255,0.9)\u00bb header_font_size=\u00bb36px\u00bb]<\/p>\n<h1>Juntas de Expansi\u00f3n<\/h1>\n<p>[\/et_pb_text][\/et_pb_column][\/et_pb_row][\/et_pb_section][et_pb_section bb_built=\u00bb1&#8243; specialty=\u00bboff\u00bb prev_background_color=\u00bb#000000&#8243; next_background_color=\u00bb#e8e8e8&#8243; _builder_version=\u00bb3.14&#8243; border_width_top=\u00bb1px\u00bb border_color_top=\u00bb#e87320&#8243;][et_pb_row _builder_version=\u00bb3.14&#8243; module_alignment=\u00bbcenter\u00bb make_fullwidth=\u00bbon\u00bb use_custom_gutter=\u00bbon\u00bb gutter_width=\u00bb1&#8243;][et_pb_column type=\u00bb4_4&#8243;][et_pb_blurb admin_label=\u00bbAnuncio haga clic\u00bb _builder_version=\u00bb3.14&#8243; title=\u00bbGaler\u00eda Im\u00e1genes\u00bb use_icon=\u00bbon\u00bb font_icon=\u00bb%%108%%\u00bb icon_color=\u00bb#f9b120&#8243; use_circle=\u00bbon\u00bb circle_color=\u00bb#000000&#8243; icon_placement=\u00bbleft\u00bb max_width=\u00bb80%\u00bb module_alignment=\u00bbleft\u00bb]<\/p>\n<p>Haga clic sobre la imagen<\/p>\n<p>[\/et_pb_blurb][et_pb_gallery admin_label=\u00bbGaler\u00eda Imagenes\u00bb _builder_version=\u00bb3.14&#8243; gallery_ids=\u00bb592,602,604,605,606,607,608,609,610,611,612,613,614,615,616,617&#8243; zoom_icon_color=\u00bb#2ea3f2&#8243; hover_overlay_color=\u00bbrgba(255,255,255,0.9)\u00bb show_title_and_caption=\u00bboff\u00bb module_alignment=\u00bbcenter\u00bb max_width=\u00bb90%\u00bb border_width_all_image=\u00bb1px\u00bb border_color_all_image=\u00bb#ffffff\u00bb custom_margin=\u00bb20px|||\u00bb \/][\/et_pb_column][\/et_pb_row][et_pb_row _builder_version=\u00bb3.14&#8243; module_alignment=\u00bbcenter\u00bb][et_pb_column type=\u00bb4_4&#8243;][et_pb_text admin_label=\u00bbTexto Contenido\u00bb _builder_version=\u00bb3.14&#8243;]<\/p>\n<p>Con el objetivo de asegurar un correcto movimiento de los ductos que transportan gases, aire u otros, es necesario contar con juntas de expansi\u00f3n dise\u00f1adas seg\u00fan los requerimientos particulares de cada cliente. Para esto, JAROX cuenta con telas importadas con excelentes propiedades que aseguran un producto de calidad adem\u00e1s de la experiencia en su confecci\u00f3n con uso de telas soldables que aseguran la estanqueidad de las mismas.<\/p>\n<p><strong>Tipos de Telas:<\/strong><\/p>\n<ul>\n<li>Texfilm (tela soldable)<\/li>\n<li>Tefguard<\/li>\n<li>S\u00edlice<\/li>\n<li>Fibra de vidrio<\/li>\n<li>Kevlar<\/li>\n<\/ul>\n<p><strong>Las Juntas de Expansi\u00f3n de JAROX<\/strong> son fabricadas con materia prima importada desde EE.UU que cumplen con <strong>altos est\u00e1ndares de calidad<\/strong> permitiendo la construcci\u00f3n de un producto dise\u00f1ado en las medidas justas seg\u00fan las necesidades del cliente y en la composici\u00f3n adecuada para las exigencias del proceso.<\/p>\n<p><strong>JAROX LTDA.<\/strong>, cuenta con el equipo necesario para realizar el sellado de la tela teflonada y as\u00ed asegurar su estanqueidad.<\/p>\n<h3><\/h3>\n<h3><\/h3>\n<h4><strong>Composici\u00f3n :<\/strong><\/h4>\n<p>[\/et_pb_text][et_pb_tabs _builder_version=\u00bb3.14&#8243;][et_pb_tab _builder_version=\u00bb3.14&#8243; title=\u00bbFuelle\u00bb use_background_color_gradient=\u00bboff\u00bb background_color_gradient_start=\u00bb#2b87da\u00bb background_color_gradient_end=\u00bb#29c4a9&#8243; background_color_gradient_type=\u00bblinear\u00bb background_color_gradient_direction=\u00bb180deg\u00bb background_color_gradient_direction_radial=\u00bbcenter\u00bb background_color_gradient_start_position=\u00bb0%\u00bb background_color_gradient_end_position=\u00bb100%\u00bb background_color_gradient_overlays_image=\u00bboff\u00bb parallax=\u00bboff\u00bb parallax_method=\u00bbon\u00bb background_size=\u00bbcover\u00bb background_position=\u00bbcenter\u00bb background_repeat=\u00bbno-repeat\u00bb background_blend=\u00bbnormal\u00bb allow_player_pause=\u00bboff\u00bb background_video_pause_outside_viewport=\u00bbon\u00bb tab_text_shadow_style=\u00bbnone\u00bb body_text_shadow_style=\u00bbnone\u00bb tab_text_shadow_horizontal_length=\u00bb0em\u00bb tab_text_shadow_vertical_length=\u00bb0em\u00bb tab_text_shadow_blur_strength=\u00bb0em\u00bb body_text_shadow_horizontal_length=\u00bb0em\u00bb body_text_shadow_vertical_length=\u00bb0em\u00bb body_text_shadow_blur_strength=\u00bb0em\u00bb]<\/p>\n<ul>\n<li>Texfilm (316\u00baC)<\/li>\n<li>Fibra de vidrio (550\u00baC)<\/li>\n<li>Tefl\u00f3n puro (270\u00baC)<\/li>\n<li>Tela de s\u00edlice (950\u00baC continuo) 1600\u00baC pto. fusi\u00f3n<\/li>\n<\/ul>\n<p>[\/et_pb_tab][et_pb_tab _builder_version=\u00bb3.14&#8243; title=\u00bbColchon\u00bb use_background_color_gradient=\u00bboff\u00bb background_color_gradient_start=\u00bb#2b87da\u00bb background_color_gradient_end=\u00bb#29c4a9&#8243; background_color_gradient_type=\u00bblinear\u00bb background_color_gradient_direction=\u00bb180deg\u00bb background_color_gradient_direction_radial=\u00bbcenter\u00bb background_color_gradient_start_position=\u00bb0%\u00bb background_color_gradient_end_position=\u00bb100%\u00bb background_color_gradient_overlays_image=\u00bboff\u00bb parallax=\u00bboff\u00bb parallax_method=\u00bbon\u00bb background_size=\u00bbcover\u00bb background_position=\u00bbcenter\u00bb background_repeat=\u00bbno-repeat\u00bb background_blend=\u00bbnormal\u00bb allow_player_pause=\u00bboff\u00bb background_video_pause_outside_viewport=\u00bbon\u00bb tab_text_shadow_style=\u00bbnone\u00bb body_text_shadow_style=\u00bbnone\u00bb tab_text_shadow_horizontal_length=\u00bb0em\u00bb tab_text_shadow_vertical_length=\u00bb0em\u00bb tab_text_shadow_blur_strength=\u00bb0em\u00bb body_text_shadow_horizontal_length=\u00bb0em\u00bb body_text_shadow_vertical_length=\u00bb0em\u00bb body_text_shadow_blur_strength=\u00bb0em\u00bb]<\/p>\n<ul>\n<li>Fibra de vidrio o S\u00edlice<\/li>\n<li>Relleno con fibra cer\u00e1mica D128 Kg\/m3<\/li>\n<li>Si es necesario, malla met\u00e1lica inoxidable.<\/li>\n<\/ul>\n<p>[\/et_pb_tab][\/et_pb_tabs][\/et_pb_column][\/et_pb_row][\/et_pb_section][et_pb_section bb_built=\u00bb1&#8243; specialty=\u00bboff\u00bb prev_background_color=\u00bb#ffffff\u00bb _builder_version=\u00bb3.14&#8243; background_color=\u00bb#e8e8e8&#8243; global_module=\u00bb470&#8243;][et_pb_row global_parent=\u00bb470&#8243; _builder_version=\u00bb3.14&#8243; module_alignment=\u00bbcenter\u00bb make_fullwidth=\u00bbon\u00bb][et_pb_column type=\u00bb1_3&#8243;][et_pb_image global_parent=\u00bb470&#8243; _builder_version=\u00bb3.14&#8243; src=\u00bbhttp:\/\/www.jarox.cl\/site\/wp-content\/uploads\/2018\/09\/logo-gris.fw_.png\u00bb custom_padding=\u00bb|20px||20px\u00bb \/][\/et_pb_column][et_pb_column type=\u00bb1_3&#8243;][et_pb_blurb admin_label=\u00bbEmail\u00bb global_parent=\u00bb470&#8243; _builder_version=\u00bb3.14&#8243; use_icon=\u00bbon\u00bb font_icon=\u00bb%%153%%\u00bb icon_color=\u00bb#f9aa00&#8243; use_circle=\u00bbon\u00bb circle_color=\u00bbrgba(0,0,0,0.75)\u00bb icon_placement=\u00bbleft\u00bb title=\u00bbE-Mail\u00bb]<\/p>\n<p>ventas@jarox.cl<\/p>\n<p style=\"text-align: justify;\">\n<p>[\/et_pb_blurb][et_pb_blurb admin_label=\u00bbred fija\u00bb global_parent=\u00bb470&#8243; _builder_version=\u00bb3.14&#8243; use_icon=\u00bbon\u00bb font_icon=\u00bb%%264%%\u00bb icon_color=\u00bb#f9aa00&#8243; use_circle=\u00bbon\u00bb circle_color=\u00bbrgba(0,0,0,0.75)\u00bb icon_placement=\u00bbleft\u00bb title=\u00bbRed Fija\u00bb header_font=\u00bbAbel||||||||\u00bb body_font=\u00bbAbel||||||||\u00bb header_text_align=\u00bbleft\u00bb body_text_align=\u00bbleft\u00bb]<\/p>\n<p>+56 2 2893 3328<\/p>\n<p style=\"text-align: justify;\">\n<p>[\/et_pb_blurb][\/et_pb_column][et_pb_column type=\u00bb1_3&#8243;][et_pb_blurb admin_label=\u00bbCelular 1&#8243; global_parent=\u00bb470&#8243; _builder_version=\u00bb3.14&#8243; use_icon=\u00bbon\u00bb font_icon=\u00bb%%104%%\u00bb icon_color=\u00bb#f9aa00&#8243; use_circle=\u00bbon\u00bb circle_color=\u00bbrgba(0,0,0,0.75)\u00bb icon_placement=\u00bbleft\u00bb title=\u00bbCelular 1&#8243;]<\/p>\n<p>+56 9 6689 6359<\/p>\n<p style=\"text-align: justify;\">\n<p>[\/et_pb_blurb][et_pb_blurb admin_label=\u00bbCelular 2&#8243; global_parent=\u00bb470&#8243; _builder_version=\u00bb3.14&#8243; use_icon=\u00bbon\u00bb font_icon=\u00bb%%104%%\u00bb icon_color=\u00bb#f9aa00&#8243; use_circle=\u00bbon\u00bb circle_color=\u00bbrgba(0,0,0,0.75)\u00bb icon_placement=\u00bbleft\u00bb title=\u00bbCelular 2&#8243;]<\/p>\n<p>+56 9 6689 6360<\/p>\n<p style=\"text-align: justify;\">\n<p>[\/et_pb_blurb][\/et_pb_column][\/et_pb_row][et_pb_row global_parent=\u00bb470&#8243; _builder_version=\u00bb3.14&#8243; make_fullwidth=\u00bbon\u00bb custom_margin=\u00bb||-5%|\u00bb][et_pb_column type=\u00bb4_4&#8243;][et_pb_text admin_label=\u00bbTexto creditos\u00bb global_parent=\u00bb470&#8243; _builder_version=\u00bb3.14&#8243; text_font=\u00bbAbel||||||||\u00bb text_font_size=\u00bb11px\u00bb custom_margin=\u00bb-5%|||\u00bb]<\/p>\n<div class=\"et_pb_row et_pb_row_4\">\n<div class=\"et_pb_column et_pb_column_4_4 et_pb_column_9 et_pb_css_mix_blend_mode_passthrough et-last-child\">\n<div class=\"et_pb_module et_pb_text et_pb_text_4 et_pb_bg_layout_light et_pb_text_align_left\">\n<div class=\"et_pb_text_inner\">\n<p style=\"text-align: right;\">\u00a9 JAROX \u2022 Dise\u00f1o web por <a href=\"http:\/\/www.ultraweb.cl\" target=\"_blank\" rel=\"noopener\"><u>Ultraweb.cl<\/u><\/a>\u00a0\u2022 Marca registrada \u2022 Derechos reservados<\/p>\n<\/div>\n<\/div>\n<\/div>\n<\/div>\n<p style=\"text-align: justify;\">\n<p>[\/et_pb_text][\/et_pb_column][\/et_pb_row][\/et_pb_section]<\/p>\n","protected":false},"excerpt":{"rendered":"<p><div class=\"et_pb_row et_pb_row_0 et_pb_row_empty\">\n\t\t\t\t\n\t\t\t\t\n\t\t\t\t\n\t\t\t\t\n\t\t\t\t\n\t\t\t<\/div> Juntas de Expansi\u00f3n Haga clic sobre la imagen Con el objetivo de asegurar un correcto movimiento de los ductos que transportan gases, aire u otros, es necesario contar con juntas de expansi\u00f3n dise\u00f1adas seg\u00fan los requerimientos particulares de cada cliente. Para esto, JAROX cuenta con telas importadas con excelentes propiedades que aseguran un producto [&hellip;]<\/p>\n","protected":false},"author":1,"featured_media":0,"parent":0,"menu_order":0,"comment_status":"open","ping_status":"open","template":"","meta":{"_et_pb_use_builder":"on","_et_pb_old_content":"<p>Con el objetivo de asegurar un correcto movimiento de los ductos que transportan gases, aire u otros, es necesario contar con juntas de expansi\u00f3n dise\u00f1adas seg\u00fan los requerimientos particulares de cada cliente. Para esto, JAROX cuenta con telas importadas con excelentes propiedades que aseguran un producto de calidad adem\u00e1s de la experiencia en su confecci\u00f3n con uso de telas soldables que aseguran la estanqueidad de las mismas.<\/p><p style=\"padding-left: 90px;\"><strong>Tipos de Telas:<\/strong><\/p><p style=\"padding-left: 90px;\">\u25a0 \u00a0Texfilm (tela soldable)<br>\u25a0 \u00a0Tefguard<br>\u25a0 \u00a0S\u00edlice<br>\u25a0 \u00a0Fibra de vidrio<br>\u25a0 \u00a0Kevlar<\/p><p style=\"text-align: justify;\"><strong>Las Juntas de Expansi\u00f3n de JAROX<\/strong> son fabricadas con materia prima importada desde EE.UU que cumplen con <strong>altos est\u00e1ndares de calidad<\/strong> permitiendo la construcci\u00f3n de un producto dise\u00f1ado en las medidas justas seg\u00fan las necesidades del cliente y en la composici\u00f3n adecuada para las exigencias del proceso.<\/p><p><a href=\"http:\/\/www.jarox.cl\/site\/wp-content\/uploads\/2013\/09\/juntas-de-expansion1.jpg\"><img class=\"aligncenter size-full wp-image-322\" src=\"http:\/\/www.jarox.cl\/site\/wp-content\/uploads\/2013\/09\/juntas-de-expansion1.jpg\" alt=\"juntas-de-expansion\" width=\"239\" height=\"268\"><\/a><\/p><p><strong>JAROX LTDA.<\/strong>, cuenta con el equipo necesario para realizar el sellado de la tela teflonada y as\u00ed asegurar su estanqueidad.<\/p><p>[symple_divider style=\"fadein\" margin_top=\"20px\" margin_bottom=\"20px\"]<\/p><p>\u00a0<\/p><p>[symple_heading type=\"h2\" title=\"<strong>COMPOSICI\u00d3N<\/strong>\" margin_top=\"20px;\" margin_bottom=\"20px\" text_align=\"left\"]<\/p><p>[symple_tabgroup]<br>[symple_tab title=\"<strong>FUELLE<\/strong>\"]<\/p><p>\uf0d2 Texfilm (316\u00baC)<br>\uf0d2 Fibra de vidrio (550\u00baC)<br>\uf0d2 Tefl\u00f3n puro (270\u00baC)<br>\uf0d2 Tela de s\u00edlice (950\u00baC continuo) 1600\u00baC pto. fusi\u00f3n<br>[\/symple_tab]<br>[symple_tab title=\"<strong>COLCH\u00d3N<\/strong>\"]<\/p><p>\uf0d2 Fibra de vidrio o S\u00edlice<br>\uf0d2 Relleno con fibra cer\u00e1mica D128 Kg\/m3<br>\uf0d2 Si es necesario, malla met\u00e1lica inoxidable.<br>[\/symple_tab]<br>[\/symple_tabgroup]<\/p><p>\u00a0<\/p><p>[gallery link=\"file\" ids=\"295,296,297,298,299,324,325,326\"]<\/p><p>\u00a0<\/p>","_et_gb_content_width":"","footnotes":""},"_links":{"self":[{"href":"http:\/\/www.jarox.cl\/site\/index.php?rest_route=\/wp\/v2\/pages\/46"}],"collection":[{"href":"http:\/\/www.jarox.cl\/site\/index.php?rest_route=\/wp\/v2\/pages"}],"about":[{"href":"http:\/\/www.jarox.cl\/site\/index.php?rest_route=\/wp\/v2\/types\/page"}],"author":[{"embeddable":true,"href":"http:\/\/www.jarox.cl\/site\/index.php?rest_route=\/wp\/v2\/users\/1"}],"replies":[{"embeddable":true,"href":"http:\/\/www.jarox.cl\/site\/index.php?rest_route=%2Fwp%2Fv2%2Fcomments&post=46"}],"version-history":[{"count":23,"href":"http:\/\/www.jarox.cl\/site\/index.php?rest_route=\/wp\/v2\/pages\/46\/revisions"}],"predecessor-version":[{"id":845,"href":"http:\/\/www.jarox.cl\/site\/index.php?rest_route=\/wp\/v2\/pages\/46\/revisions\/845"}],"wp:attachment":[{"href":"http:\/\/www.jarox.cl\/site\/index.php?rest_route=%2Fwp%2Fv2%2Fmedia&parent=46"}],"curies":[{"name":"wp","href":"https:\/\/api.w.org\/{rel}","templated":true}]}}